(v) = -219*v**3 - 2596*v**2 + 378*v - 73. Calculate o(-12).
-1
Let i(c) = -44329*c + 9397720. What is i(212)?
-28
Let z(t) = -t**3 + 19*t**2 - 128*t + 230. Give z(3).
-10
Let s(g) = g**2 - 81*g - 2911. Determine s(-30).
419
Let x(t) = 2*t**3 + 20*t**2 + 644*t + 4922. Calculate x(-8).
26
Let r(i) = 56*i**2 - 2778*i + 184. Give r(50).
1284
Let d(l) = -l**3 - 279*l**2 + 3315*l + 122825. Determine d(-289).
0
Let q(i) = -i**2 - 105*i + 10545. Determine q(85).
-5605
Let x(w) = -57*w**2 - 137*w - 1. What is x(1)?
-195
Let z(a) = -30*a**3 + 388*a**2 - 376*a - 1. What is z(1)?
-19
Let y(l) = -l**2 + 10918*l - 1423755. Calculate y(132).
-3
Let l(k) = -k**2 - 442*k + 466697. Calculate l(497).
14
Let h(v) = v**3 - 80*v**2 + 2857*v - 247703. Calculate h(82).
19
Let g(d) = 1127*d**2 - 23670*d + 46. What is g(21)?
-17
Let b(m) = 6423*m - 185913. What is b(29)?
354
Let v(u) = 66*u - 1749. Calculate v(13).
-891
Let d(t) = 5*t**2 - 330*t + 4387. Calculate d(22).
-453
Let h(d) = 37*d**2 - 2056*d - 806. What is h(56)?
90
Let d(p) = -52*p - 3094. Determine d(-39).
-1066
Let p(q) = 2*q**3 + 32*q**2 + 199*q + 96. Calculate p(-13).
-1477
Let d(s) = 12746*s**2 + 127389*s - 719. Calculate d(-10).
-9
Let s(l) = -80215*l - 1925107. Give s(-24).
53
Let s(t) = -27558*t + 248006. Give s(9).
-16
Let j(s) = 265*s**2 - 1572*s + 16. What is j(6)?
124
Let p(o) = 41841*o - 7656904. Calculate p(183).
-1
Let d(g) = 3*g**2 + 3927*g + 15689. Calculate d(-4).
29
Let n(h) = 129874*h + 519491. Determine n(-4).
-5
Let i(b) = 109*b**2 - 2625*b + 224. Determine i(24).
8
Let r(s) = -201681*s + 806729. Calculate r(4).
5
Let c(n) = -12*n**2 + 2903*n + 9002. Give c(245).
-63
Let c(r) = 20727*r + 4684259. Determine c(-226).
-43
Let b(w) = 4*w**2 + 76626*w - 229930. Give b(3).
-16
Let j(g) = 9746*g + 87843. Determine j(-9).
129
Let l(s) = -s**3 - 13*s**2 - 112*s - 946. What is l(-15)?
1184
Let j(i) = -4*i**2 + 57*i - 592. Give j(14).
-578
Let i(d) = -3406*d + 106740. Determine i(32).
-2252
Let k(m) = -3*m**3 + 282*m**2 + 1470*m - 77. Determine k(-5).
-2
Let y(s) = s**3 + 16*s**2 - 4*s + 46. Determine y(-17).
-175
Let l(m) = -m**3 + 93*m**2 + 271*m + 1509. What is l(96)?
-123
Let c(p) = -2455*p**2 + 159573*p + 154. What is c(65)?
24
Let u(f) = -2*f**2 - 193*f - 3585. What is u(-22)?
-307
Let y(d) = -1866*d + 15055. Calculate y(8).
127
Let y(n) = 2*n**2 + 20219*n - 669445. Give y(33).
-40
Let w(j) = 6*j**3 - 585*j**2 + 545*j + 40. Calculate w(1).
6
Let i(g) = 36774*g - 2206443. Determine i(60).
-3
Let k(c) = 9*c**3 - 83*c**2 - 1130*c + 10330. Determine k(9).
-2
Let z(t) = t**3 + 9*t**2 - 44*t - 394. What is z(-9)?
2
Let u(a) = 1733*a - 670866. What is u(387)?
-195
Let r(f) = 28125*f - 11. Determine r(0).
-11
Let f(i) = 8*i**2 + 1561*i - 14619. What is f(-204)?
-135
Let m(k) = k**3 - 6*k**2 - 316*k + 2839. What is m(9)?
238
Let n(k) = 14*k**2 - 115*k - 2505. Give n(18).
-39
Let w(f) = 4547*f - 45144. Determine w(10).
326
Let q(h) = -559513*h + 33011269. Give q(59).
2
Let a(c) = -2908*c - 279160. Give a(-96).
8
Let t(d) = 2*d**3 + 67*d**2 + 587*d + 543. Calculate t(-16).
111
Let t(v) = -12060*v + 434183. What is t(36)?
23
Let y(i) = -6*i**3 - 50*i**2 - 58*i - 63. What is y(-7)?
-49
Let n(s) = -1732*s + 24192. Determine n(14).
-56
Let s(u) = u**3 - 108*u**2 + 134*u + 8227. Determine s(106).
-41
Let b(o) = -23*o**3 - 7*o**2 - 745*o - 736. Calculate b(-1).
25
Let i(v) = -21680*v - 108762. Give i(-5).
-362
Let u(w) = 13*w**3 + 5290*w**2 - 355*w + 21144. What is u(-407)?
-20
Let a(g) = 119969*g - 1079725. Determine a(9).
-4
Let a(k) = 165*k**2 + 119*k - 335. What is a(3)?
1507
Let g(b) = -760*b + 20555. What is g(28)?
-725
Let k(u) = 5*u**3 + 55*u**2 - 33*u - 56. Give k(-12).
-380
Let q(p) = -p**3 + 161*p**2 - 22*p + 3467. Give q(161).
-75
Let i(b) = b**3 - 80*b**2 + 245*b + 1532. What is i(76)?
-2952
Let h(x) = -6*x**2 - 1061*x - 4233. Determine h(-4).
-85
Let n(c) = -21021*c - 2984976. Calculate n(-142).
6
Let t(n) = 35*n**2 - 691*n - 4126. Give t(-6).
1280
Let d(i) = -i**2 - 186*i - 8497. Give d(-91).
148
Let k(f) = 264*f**2 + 145*f - 292. Give k(2).
1054
Let c(j) = 10335*j - 320369. Calculate c(31).
16
Let z(t) = -2*t**2 - 553*t + 9671. Calculate z(17).
-308
Let z(u) = 11*u**2 - 2874*u + 3622. Give z(260).
-18
Let h(d) = -82*d**2 - 90*d - 17. Determine h(2).
-525
Let i(c) = -18*c**2 - 13484*c - 287956. What is i(-22)?
-20
Let n(c) = -2*c**3 - 242*c**2 - 213*c + 3009. Give n(-120).
-231
Let w(o) = 2*o**3 + 4*o**2 - 73*o + 251. Give w(-9).
-226
Let j(q) = -8*q**2 - 323*q + 3779. Give j(11).
-742
Let l(o) = -18372*o + 16017. Determine l(1).
-2355
Let n(g) = 5*g**2 - 237*g - 100. Calculate n(48).
44
Let m(c) = 39*c**2 - 2275*c + 9170. What is m(4)?
694
Let g(i) = -i**3 + 4*i**2 - i - 148. Determine g(-8).
628
Let w(q) = -q**3 + 43*q**2 - 113*q + 6651. Give w(44).
-257
Let q(m) = 9824*m + 894011. Determine q(-91).
27
Let q(m) = -m**3 - 930*m**2 + 69995*m + 370. Determine q(70).
20
Let i(w) = 19084*w + 362609. Give i(-19).
13
Let a(s) = -12*s**2 - 351*s + 1548. What is a(-34)?
-390
Let l(v) = 4594*v + 13921. What is l(-3)?
139
Let k(b) = 5*b**2 + 230*b - 4. Give k(0).
-4
Let u(r) = 16514*r - 412840. Calculate u(25).
10
Let d(a) = 2*a**3 + 49*a**2 - 155*a - 2570. Calculate d(-26).
-568
Let n(g) = -g**3 - 50*g**2 + 3188*g + 159553. What is n(-50)?
153
Let y(f) = 11258*f - 56142. Determine y(5).
148
Let a(s) = 6*s**2 + 2325*s - 17869. Determine a(-395).
-94
Let c(m) = -29589*m - 18. Determine c(0).
-18
Let x(h) = -54*h - 4551. What is x(-64)?
-1095
Let u(q) = -2*q**3 - 32*q**2 - 186*q + 115. Calculate u(-10).
775
Let t(w) = 81435*w + 1628701. What is t(-20)?
1
Let j(o) = 242*o + 2550. Calculate j(-12).
-354
Let y(f) = 6*f - 259. What is y(45)?
11
Let g(a) = -200547*a - 12032824. What is g(-60)?
-4
Let k(g) = -g**3 + 518*g**2 + 2351*g - 410548. Determine k(521).
0
Let c(n) = 6226*n + 12521. Calculate c(-2).
69
Let q(h) = 37*h**2 + 1073*h - 72228. What is q(-61)?
-4
Let k(s) = 24*s**2 + 156. Calculate k(0).
156
Let l(b) = 129*b**3 - 136*b**2 - 9. Give l(-2).
-1585
Let h(o) = 7*o**3 - 222*o**2 + 195*o - 8285. Give h(32).
3
Let n(a) = 11*a**3 + 289*a**2 - 1075*a - 29973. Determine n(-26).
5
Let r(t) = -2*t**2 + 92911*t + 8005140. Calculate r(-86).
2
Let f(c) = -17406*c + 1618754. Calculate f(93).
-4
Let c(n) = 3*n**3 + 44*n**2 + 89*n - 409. Calculate c(-11).
-57
Let i(n) = -16269*n + 2863364. Calculate i(176).
20
Let o(q) = q**2 - 237*q - 14256. Calculate o(-49).
-242
Let x(l) = -7697*l - 238598. Calculate x(-31).
9
Let n(m) = -m**2 - 36*m - 196. What is n(-4)?
-68
Let y(m) = m**3 + 158*m**2 - 8*m - 1280. Calculate y(-158).
-16
Let q(r) = 7*r**3 - 75*r**2 - 60*r + 384. What is q(11)?
-34
Let n(b) = 5*b**3 + 10*b**2 - 152*b + 91. What is n(7)?
1232
Let t(r) = 164*r + 18846. Determine t(-118).
-506
Let k(y) = -91*y - 299. Calculate k(-17).
1248
Let o(p) = -8*p**2 + 132*p - 416. Give o(13).
-52
Let i(v) = -v**2 - 597*v - 88959. What is i(-306)?
87
Let b(c) = 14*c**2 + 165*c + 439. Calculate b(-6).
-47
Let a(q) = 49189*q + 2115139. Determine a(-43).
12
Let i(b) = 19*b**3 - 328*b**2 + 24*b + 70. Calculate i(17).
-967
Let g(m) = -3*m**3 + 948*m**2 - 7*m + 2208. Determine g(316).
-4
Let r(a) = -2*a**3 - 1409*a**2 - 231683*a + 2674. Determine r(-443).
16
Let v(k) = -2023*k + 30323. What is v(15)?
-22
Let v(t) = 3255*t - 569754. Give v(175).
-129
Let n(y) = 219*y**2 + 3074*y - 65. What is n(-14)?
-177
Let j(k) = -25*k**2 + 699*k - 2429. Give j(4).
-33
Let q(x) = x**2 - 228*x - 499622. What is q(-602)?
38
Let n(s) = s**3 + 92*s**2 - 20987*s + 6. What is n(106)?
112
Let d(r) = -8*r**3 - 879*r**2 - 1625*r - 536. What is d(-108)?
4
Let w(i) = 64*i**3 - 8*i**2 + 6*i + 58. Determine w(-3).
-1760
Let p(w) = 132*w**2 + 1191*w - 1315. Determine p(-10).
-25
Let r(n) = -2*n**3 + 46*n**2 + 1474*n - 85. Determine r(41).
-167
Let k(j) = -j**2 - 296*j + 67491. Determine k(151).
-6
Let g(i) = i**3 - 111*i**2 + 212*i - 204. Determine g(109).
-858
Let r(x) = -1579*x + 14488. What is r(9)?
277
Let g(s) = s**3 + 24*s**2 - 9*s - 367. Calculate g(8).
1609
Let k(p) = 3*p**3 + 158*p**2 + 2121*p + 1062. Give k(-26).
-4
Let k(u) = -212*u**3 - 5*u**2 + 31*u - 26. What is k(1)?
-212
Let v(j) = -j**3 + 87*j**2 + 1758*j + 1066. Give v(104).
26
Le